{"id":2187,"date":"2022-03-01T16:50:47","date_gmt":"2022-03-01T13:50:47","guid":{"rendered":"https:\/\/ankaraenyakinelektrikci.com\/?page_id=2187"},"modified":"2022-08-17T20:31:33","modified_gmt":"2022-08-17T17:31:33","slug":"topraklama-raporu-paratoner-rapor","status":"publish","type":"page","link":"https:\/\/ankaraenyakinelektrikci.com\/?page_id=2187","title":{"rendered":"Topraklama Raporu, Paratoner Rapor"},"content":{"rendered":"\t\t<div data-elementor-type=\"wp-page\" data-elementor-id=\"2187\" class=\"elementor elementor-2187\">\n\t\t\t\t\t\t\t\t\t<section class=\"elementor-section elementor-top-section elementor-element elementor-element-2d9cb40 elementor-section-boxed elementor-section-height-default elementor-section-height-default\" data-id=\"2d9cb40\" data-element_type=\"section\">\n\t\t\t\t\t\t<div class=\"elementor-container elementor-column-gap-default\">\n\t\t\t\t\t<div class=\"elementor-column elementor-col-100 elementor-top-column elementor-element elementor-element-98691d3\" data-id=\"98691d3\" data-element_type=\"column\">\n\t\t\t<div class=\"elementor-widget-wrap elementor-element-populated\">\n\t\t\t\t\t\t\t\t<div class=\"elementor-element elementor-element-d6f0c2d elementor-widget elementor-widget-heading\" data-id=\"d6f0c2d\" data-element_type=\"widget\" data-widget_type=\"heading.default\">\n\t\t\t\t<div class=\"elementor-widget-container\">\n\t\t\t<h5 class=\"elementor-heading-title elementor-size-default\">Topraklama Raporu, Paratoner Rapor\n<\/h5>\t\t<\/div>\n\t\t\t\t<\/div>\n\t\t\t\t<div class=\"elementor-element elementor-element-c29918e elementor-widget elementor-widget-text-editor\" data-id=\"c29918e\" data-element_type=\"widget\" data-widget_type=\"text-editor.default\">\n\t\t\t\t<div class=\"elementor-widget-container\">\n\t\t\t\t\t\t\t<p><strong>PARATONER(YILDIRIMLIK) NED\u0130R?<\/strong><\/p><p>Fabrikalar\u0131, y\u00fcksek katl\u0131 konutlar\u0131, i\u015f merkezlerini, g\u00f6kdelenleri, camileri vs. do\u011fal bir olay olan y\u0131ld\u0131r\u0131mdan koruyup y\u0131ld\u0131r\u0131m\u0131n olumsuz etkilerini en k\u0131sa yoldan topra\u011fa iletmek i\u00e7in kullan\u0131lan bir cihazd\u0131r.<\/p><p><strong>PARATONER(YILDIRIMLIK) \u00c7E\u015e\u0130TLER\u0130 NELERD\u0130R?<\/strong><\/p><p>\u00dclkemizde 3 \u00e7e\u015fit paratoner \u00f6rne\u011fi g\u00f6r\u00fclmektedir.<\/p><ol><li>FARADAY KAFES\u0130<\/li><li>AKT\u0130F PARATONER<\/li><li>RADYOAKT\u0130F PARATONER<\/li><\/ol><p><strong>PARATONER &#8216; \u0130N TOPRAKLAMA \u00d6L\u00c7\u00dcM\u00dc VE RAPORLANDIRILMASI<\/strong><\/p><p><em>Paratonerlerin topraklama diren\u00e7<\/em>\u00a0de\u011ferlerinin \u00f6l\u00e7\u00fcmleri ile ilgili y\u00f6netmelikte belirtildi\u011fi \u00fczere y\u0131lda 1 kere olmak \u015fart\u0131yla periyodik(y\u0131ll\u0131k) olarak \u00f6l\u00e7\u00fcl\u00fcp raporland\u0131r\u0131lmas\u0131 gerekir. Gerekli \u00f6l\u00e7\u00fcmler EMO&#8217; ya kay\u0131tl\u0131 bir Elektrik M\u00fchendisi taraf\u0131ndan yap\u0131l\u0131p a\u015fa\u011f\u0131da g\u00f6r\u00fclece\u011fi \u00fczere \u00f6rne\u011fe benzer \u015fekilde raporlanmal\u0131d\u0131r.<\/p><p>Elektrik Teknisyeni Yusuf Usta -&gt; 0312 945 3657 &#8211; 05352987646<\/p>\t\t\t\t\t\t<\/div>\n\t\t\t\t<\/div>\n\t\t\t\t\t<\/div>\n\t\t<\/div>\n\t\t\t\t\t\t\t<\/div>\n\t\t<\/section>\n\t\t\t\t<section class=\"elementor-section elementor-top-section elementor-element elementor-element-9973115 elementor-section-boxed elementor-section-height-default elementor-section-height-default\" data-id=\"9973115\" data-element_type=\"section\">\n\t\t\t\t\t\t<div class=\"elementor-container elementor-column-gap-default\">\n\t\t\t\t\t<div class=\"elementor-column elementor-col-100 elementor-top-column elementor-element elementor-element-02f9ab0\" data-id=\"02f9ab0\" data-element_type=\"column\">\n\t\t\t<div class=\"elementor-widget-wrap elementor-element-populated\">\n\t\t\t\t\t\t\t\t<div class=\"elementor-element elementor-element-d230e69 elementor-widget elementor-widget-image-gallery\" data-id=\"d230e69\" data-element_type=\"widget\" data-widget_type=\"image-gallery.default\">\n\t\t\t\t<div class=\"elementor-widget-container\">\n\t\t\t\t\t<div class=\"elementor-image-gallery\">\n\t\t\t<div id='gallery-1' class='gallery galleryid-2187 gallery-columns-4 gallery-size-thumbnail'><figure class='gallery-item'>\n\t\t\t<div class='gallery-icon landscape'>\n\t\t\t\t<a data-elementor-open-lightbox=\"yes\" data-elementor-lightbox-slideshow=\"d230e69\" data-elementor-lightbox-title=\"6088521\" data-e-action-hash=\"#elementor-action%3Aaction%3Dlightbox%26settings%3DeyJpZCI6MjQ0MywidXJsIjoiaHR0cHM6XC9cL2Fua2FyYWVueWFraW5lbGVrdHJpa2NpLmNvbVwvd3AtY29udGVudFwvdXBsb2Fkc1wvMjAyMlwvMDNcLzYwODg1MjEuanBnIiwic2xpZGVzaG93IjoiZDIzMGU2OSJ9\" href='https:\/\/ankaraenyakinelektrikci.com\/wp-content\/uploads\/2022\/03\/6088521.jpg'><img loading=\"lazy\" decoding=\"async\" width=\"150\" height=\"150\" src=\"https:\/\/ankaraenyakinelektrikci.com\/wp-content\/uploads\/2022\/03\/6088521-150x150.jpg\" class=\"attachment-thumbnail size-thumbnail\" alt=\"\" srcset=\"https:\/\/ankaraenyakinelektrikci.com\/wp-content\/uploads\/2022\/03\/6088521-150x150.jpg 150w, https:\/\/ankaraenyakinelektrikci.com\/wp-content\/uploads\/2022\/03\/6088521-300x300.jpg 300w, https:\/\/ankaraenyakinelektrikci.com\/wp-content\/uploads\/2022\/03\/6088521-1024x1024.jpg 1024w, https:\/\/ankaraenyakinelektrikci.com\/wp-content\/uploads\/2022\/03\/6088521-768x768.jpg 768w, https:\/\/ankaraenyakinelektrikci.com\/wp-content\/uploads\/2022\/03\/6088521-1536x1536.jpg 1536w, https:\/\/ankaraenyakinelektrikci.com\/wp-content\/uploads\/2022\/03\/6088521.jpg 2000w\" sizes=\"(max-width: 150px) 100vw, 150px\" title=\"\"><\/a>\n\t\t\t<\/div><\/figure><figure class='gallery-item'>\n\t\t\t<div class='gallery-icon landscape'>\n\t\t\t\t<a data-elementor-open-lightbox=\"yes\" data-elementor-lightbox-slideshow=\"d230e69\" data-elementor-lightbox-title=\"Night City Storm Composition\" data-e-action-hash=\"#elementor-action%3Aaction%3Dlightbox%26settings%3DeyJpZCI6MjQ0NCwidXJsIjoiaHR0cHM6XC9cL2Fua2FyYWVueWFraW5lbGVrdHJpa2NpLmNvbVwvd3AtY29udGVudFwvdXBsb2Fkc1wvMjAyMlwvMDNcLzI4NTc0LXNjYWxlZC5qcGciLCJzbGlkZXNob3ciOiJkMjMwZTY5In0%3D\" href='https:\/\/ankaraenyakinelektrikci.com\/wp-content\/uploads\/2022\/03\/28574-scaled.jpg'><img loading=\"lazy\" decoding=\"async\" width=\"150\" height=\"150\" src=\"https:\/\/ankaraenyakinelektrikci.com\/wp-content\/uploads\/2022\/03\/28574-150x150.jpg\" class=\"attachment-thumbnail size-thumbnail\" alt=\"\" title=\"\"><\/a>\n\t\t\t<\/div><\/figure>\n\t\t<\/div>\n\t\t<\/div>\n\t\t\t\t<\/div>\n\t\t\t\t<\/div>\n\t\t\t\t\t<\/div>\n\t\t<\/div>\n\t\t\t\t\t\t\t<\/div>\n\t\t<\/section>\n\t\t\t\t\t\t\t<\/div>\n\t\t","protected":false},"excerpt":{"rendered":"<p>Topraklama Raporu, Paratoner Rapor PARATONER(YILDIRIMLIK) NED\u0130R? Fabrikalar\u0131, y\u00fcksek katl\u0131 konutlar\u0131, i\u015f merkezlerini, g\u00f6kdelenleri, camileri vs. do\u011fal bir olay olan y\u0131ld\u0131r\u0131mdan koruyup y\u0131ld\u0131r\u0131m\u0131n olumsuz etkilerini en k\u0131sa yoldan topra\u011fa iletmek i\u00e7in kullan\u0131lan bir cihazd\u0131r. PARATONER(YILDIRIMLIK) \u00c7E\u015e\u0130TLER\u0130 NELERD\u0130R? \u00dclkemizde 3 \u00e7e\u015fit paratoner \u00f6rne\u011fi g\u00f6r\u00fclmektedir. FARADAY KAFES\u0130 AKT\u0130F PARATONER RADYOAKT\u0130F PARATONER PARATONER &#8216; \u0130N TOPRAKLAMA \u00d6L\u00c7\u00dcM\u00dc VE RAPORLANDIRILMASI [&hellip;]<\/p>\n","protected":false},"author":1,"featured_media":0,"parent":0,"menu_order":0,"comment_status":"closed","ping_status":"closed","template":"","meta":{"footnotes":""},"_links":{"self":[{"href":"https:\/\/ankaraenyakinelektrikci.com\/index.php?rest_route=\/wp\/v2\/pages\/2187"}],"collection":[{"href":"https:\/\/ankaraenyakinelektrikci.com\/index.php?rest_route=\/wp\/v2\/pages"}],"about":[{"href":"https:\/\/ankaraenyakinelektrikci.com\/index.php?rest_route=\/wp\/v2\/types\/page"}],"author":[{"embeddable":true,"href":"https:\/\/ankaraenyakinelektrikci.com\/index.php?rest_route=\/wp\/v2\/users\/1"}],"replies":[{"embeddable":true,"href":"https:\/\/ankaraenyakinelektrikci.com\/index.php?rest_route=%2Fwp%2Fv2%2Fcomments&post=2187"}],"version-history":[{"count":16,"href":"https:\/\/ankaraenyakinelektrikci.com\/index.php?rest_route=\/wp\/v2\/pages\/2187\/revisions"}],"predecessor-version":[{"id":2877,"href":"https:\/\/ankaraenyakinelektrikci.com\/index.php?rest_route=\/wp\/v2\/pages\/2187\/revisions\/2877"}],"wp:attachment":[{"href":"https:\/\/ankaraenyakinelektrikci.com\/index.php?rest_route=%2Fwp%2Fv2%2Fmedia&parent=2187"}],"curies":[{"name":"wp","href":"https:\/\/api.w.org\/{rel}","templated":true}]}}