{"id":2221,"date":"2022-03-01T17:13:35","date_gmt":"2022-03-01T14:13:35","guid":{"rendered":"https:\/\/ankaraenyakinelektrikci.com\/?page_id=2221"},"modified":"2022-08-17T21:00:20","modified_gmt":"2022-08-17T18:00:20","slug":"kamera-goruntulu-diafon","status":"publish","type":"page","link":"https:\/\/ankaraenyakinelektrikci.com\/?page_id=2221","title":{"rendered":"Kamera, G\u00f6r\u00fcnt\u00fcl\u00fc Diafon"},"content":{"rendered":"\t\t<div data-elementor-type=\"wp-page\" data-elementor-id=\"2221\" class=\"elementor elementor-2221\">\n\t\t\t\t\t\t\t\t\t<section class=\"elementor-section elementor-top-section elementor-element elementor-element-f4b5801 elementor-section-boxed elementor-section-height-default elementor-section-height-default\" data-id=\"f4b5801\" data-element_type=\"section\">\n\t\t\t\t\t\t<div class=\"elementor-container elementor-column-gap-default\">\n\t\t\t\t\t<div class=\"elementor-column elementor-col-100 elementor-top-column elementor-element elementor-element-572608a\" data-id=\"572608a\" data-element_type=\"column\">\n\t\t\t<div class=\"elementor-widget-wrap elementor-element-populated\">\n\t\t\t\t\t\t\t\t<div class=\"elementor-element elementor-element-1440294 elementor-widget elementor-widget-heading\" data-id=\"1440294\" data-element_type=\"widget\" data-widget_type=\"heading.default\">\n\t\t\t\t<div class=\"elementor-widget-container\">\n\t\t\t<h5 class=\"elementor-heading-title elementor-size-default\">Kamera, G\u00f6r\u00fcnt\u00fcl\u00fc Diafon<\/h5>\t\t<\/div>\n\t\t\t\t<\/div>\n\t\t\t\t<div class=\"elementor-element elementor-element-e0f09e8 elementor-widget elementor-widget-text-editor\" data-id=\"e0f09e8\" data-element_type=\"widget\" data-widget_type=\"text-editor.default\">\n\t\t\t\t<div class=\"elementor-widget-container\">\n\t\t\t\t\t\t\t<p><strong>G\u00f6r\u00fcnt\u00fcl\u00fc Diafon<\/strong><\/p><p>Hane ve i\u015f yerlerinin g\u00fcvenli\u011fi pek \u00e7ok \u00e7e\u015fitli yollarla sa\u011flanabilir. Pencerelere yap\u0131lan g\u00fcvenlik \u00f6nlemleri, kap\u0131lar\u0131n sa\u011flam yap\u0131lmas\u0131 g\u00fcvenlik i\u00e7in \u00f6nemli ad\u0131mlard\u0131r. Fakat dikkat edilmesi gereken bir di\u011fer \u00f6nemli husus da art niyetli ki\u015filere a\u00e7\u0131lan kap\u0131lard\u0131r. \u0130nsanlar bilmeden mal veya can g\u00fcvenliklerine kast edebilecek ki\u015filere kap\u0131lar\u0131n\u0131 a\u00e7abilir. B\u00f6yle bir durumla kar\u015f\u0131la\u015f\u0131ld\u0131\u011f\u0131nda ne pencerelerde bulunan tedbirler ne de kap\u0131lar\u0131n sa\u011flam olmas\u0131 ki\u015filere fayda sa\u011flamaz. Bunun i\u00e7in ki\u015filer, zili \u00e7alan ki\u015finin kim oldu\u011funu bilmek ister. Bunun en g\u00fczel yolu da <strong>g\u00f6r\u00fcnt\u00fc diafon<\/strong>\u00a0kullanmakt\u0131r. Bu sayede ev ve i\u015f yerlerinin ziline kimin bast\u0131\u011f\u0131 \u00f6\u011frenilebilir. Yaln\u0131z art niyetli ki\u015filer de\u011fil ayn\u0131 zamanda sokak sat\u0131c\u0131lar\u0131 ya da dilencilerden rahats\u0131z olan ki\u015filer i\u00e7in de diafonlar olduk\u00e7a i\u015f yarard\u0131r. Elektrik d\u00fczene\u011fi ile kullan\u0131lan sistem bina g\u00fcvenlikleri i\u00e7in olmazsa olmaz cinstendir. Zili \u00e7alan ki\u015finin sesi ile birlikte g\u00f6r\u00fcnt\u00fcs\u00fc de tespit edilerek kap\u0131 kullan\u0131c\u0131n\u0131n tercihine g\u00f6re ister a\u00e7\u0131l\u0131r isterse a\u00e7\u0131lmaz. Bu sayede istenmeyen ki\u015filerin binaya girmeleri engellenir.<\/p><p><strong>G\u00f6r\u00fcnt\u00fcl\u00fc Diafon Modelleri ve \u00d6zellikleri<\/strong><\/p><p>G\u00f6r\u00fcnt\u00fcl\u00fc diafonlar g\u00fcvenlik gere\u00e7lerinin ilk akla gelenlerindendir. Kullan\u0131c\u0131lar\u0131n ev veya di\u011fer ya\u015fam alanlar\u0131n\u0131 korumak i\u00e7in \u00fcretilen \u00fcr\u00fcn, hem ses hem de g\u00f6r\u00fcnt\u00fc yans\u0131tma usul\u00fc ile \u00e7al\u0131\u015f\u0131r. Ana iki farkl\u0131 otomat\u0131 bulunan \u00fcr\u00fcn\u00fcn bir par\u00e7as\u0131 binan\u0131n d\u0131\u015f kap\u0131s\u0131n\u0131n oraya yerle\u015ftirilir. Di\u011fer aparat da evin i\u00e7ine monte edilir. Gelen ki\u015finin zile basmas\u0131yla birlikte evin i\u00e7 k\u0131sm\u0131na gelen g\u00f6r\u00fcnt\u00fcde kimin geldi\u011fi g\u00f6r\u00fcl\u00fcr. Bu sayede ki\u015finin tercihine g\u00f6re hareket etme \u015fans\u0131 tan\u0131nm\u0131\u015f olur. Kullan\u0131c\u0131, isterse kap\u0131y\u0131 a\u00e7ar istemezse a\u00e7maz.\u00a0<strong>G\u00f6r\u00fcnt\u00fcl\u00fc diafon modelleri\u00a0<\/strong>kullan\u0131c\u0131lar\u0131n ihtiya\u00e7lar\u0131 do\u011frultusunda \u015fekillenir. \u00dcr\u00fcn\u00fcn farkl\u0131 modellerde \u00fcretilmesinin ana sebebi kullan\u0131lacak binan\u0131n yap\u0131s\u0131d\u0131r. \u00dcr\u00fcn tek bir haneye uyguland\u0131\u011f\u0131 gibi onlarca daireden olu\u015fan apartmanlara uygulanabilir. Bunun i\u00e7in farkl\u0131 sistemlere sahiptir. Ayn\u0131 giri\u015f kap\u0131s\u0131n\u0131 onlarca ki\u015finin kulland\u0131\u011f\u0131 \u00fcr\u00fcn ile yaln\u0131zca tekbir ya\u015fam alan\u0131na ait binan\u0131n \u00fcr\u00fcnleri de\u011fi\u015fken \u00f6zelliklere sahiptir. G\u00f6r\u00fcnt\u00fcl\u00fc diafonlar birbirinden farkl\u0131 \u00f6zelliklere sahip olabilir. Bu farkl\u0131l\u0131klar, g\u00f6r\u00fcnt\u00fc kalitesi veya g\u00f6sterilen alan\u0131n b\u00fcy\u00fckl\u00fc\u011f\u00fc ile alakal\u0131 olabilir. \u00dcr\u00fcnlerden baz\u0131lar\u0131n\u0131n kamera yap\u0131s\u0131 bir metrekarelik alan\u0131 g\u00f6sterebilirken baz\u0131lar\u0131 daha geni\u015f alanlar\u0131 g\u00f6sterebilir. Ayr\u0131ca kamerada bulunan \u00e7\u00f6z\u00fcn\u00fcrl\u00fck de modellerin belirlenmesinde olduk\u00e7a \u00f6nemlidir. \u00dcr\u00fcn\u00fcn de\u011fi\u015fken \u00f6zelliklerinden biri de i\u00e7 veya d\u0131\u015fta bulunan aparatlar\u0131n\u0131n boyutudur.\u00a0<strong>G\u00f6r\u00fcnt\u00fcl\u00fc diafon 4.3 in\u00e7<\/strong>\u00a0modellere sahip oldu\u011fu gibi daha b\u00fcy\u00fck 7 in\u00e7lik ekranlara da sahip olabilir. \u00dcr\u00fcn\u00fcn farkl\u0131 modellerde \u00fcretilmesine sebep olan bir di\u011fer husus da tasar\u0131m\u0131d\u0131r. Baz\u0131 \u00fcr\u00fcnler dikey dikd\u00f6rtgen olarak \u00fcretildi\u011fi gibi yatay dikd\u00f6rtgen \u015feklinde \u00fcretilenler de vard\u0131r. Ayr\u0131ca ahizeli modeller de farkl\u0131l\u0131k sevenler i\u00e7in ideal olabilir. \u00dcr\u00fcn \u00fczerinde bulunan tu\u015flar\u0131n say\u0131s\u0131 ve yap\u0131s\u0131 da de\u011fi\u015fiklik g\u00f6sterebilir. Tu\u015flu diafonlar oldu\u011fu gibi dokunmatik sistemli \u00fcr\u00fcnler de mevcuttur. Dokunmatik olanlar da kendi aralar\u0131nda \u0131s\u0131ya veya bask\u0131ya g\u00f6re hareket alg\u0131layanlar olarak \u00e7e\u015fitlenir. Bu \u00e7e\u015fitlilik kullan\u0131c\u0131lar\u0131n en do\u011fru se\u00e7imi yapmas\u0131 i\u00e7indir. Diafonlarda \u00f6nemli farklardan biri de \u00fcr\u00fcn\u00fcn rengidir. \u00dcr\u00fcn genellikle beyaz renkte \u00fcretilse de siyah ve g\u00fcm\u00fc\u015f renkte olanlar\u0131 da vard\u0131r. Harekete duyarl\u0131 diafonlar, klasik diafonlara g\u00f6re farkl\u0131 \u00e7al\u0131\u015fma prensibine sahiptir. Klasik \u00fcr\u00fcnde tu\u015fa bas\u0131ld\u0131ktan sonra g\u00f6r\u00fcnt\u00fc gelirken sens\u00f6rl\u00fc olanlar da herhangi bir hareket esnas\u0131nda g\u00f6r\u00fcnt\u00fc i\u00e7 aparata aktar\u0131l\u0131r.<\/p><p>Elektrik Teknisyeni Yusuf Usta -&gt; 0312 945 3657 &#8211; 0535 298 76 46<\/p>\t\t\t\t\t\t<\/div>\n\t\t\t\t<\/div>\n\t\t\t\t\t<\/div>\n\t\t<\/div>\n\t\t\t\t\t\t\t<\/div>\n\t\t<\/section>\n\t\t\t\t<section class=\"elementor-section elementor-top-section elementor-element elementor-element-f58404d elementor-section-boxed elementor-section-height-default elementor-section-height-default\" data-id=\"f58404d\" data-element_type=\"section\">\n\t\t\t\t\t\t<div class=\"elementor-container elementor-column-gap-default\">\n\t\t\t\t\t<div class=\"elementor-column elementor-col-100 elementor-top-column elementor-element elementor-element-e4f914f\" data-id=\"e4f914f\" data-element_type=\"column\">\n\t\t\t<div class=\"elementor-widget-wrap elementor-element-populated\">\n\t\t\t\t\t\t\t\t<div class=\"elementor-element elementor-element-9e27a51 elementor-widget elementor-widget-image-gallery\" data-id=\"9e27a51\" data-element_type=\"widget\" data-widget_type=\"image-gallery.default\">\n\t\t\t\t<div class=\"elementor-widget-container\">\n\t\t\t\t\t<div class=\"elementor-image-gallery\">\n\t\t\t<div id='gallery-1' class='gallery galleryid-2221 gallery-columns-4 gallery-size-thumbnail'><figure class='gallery-item'>\n\t\t\t<div class='gallery-icon landscape'>\n\t\t\t\t<a data-elementor-open-lightbox=\"yes\" data-elementor-lightbox-slideshow=\"9e27a51\" data-elementor-lightbox-title=\"g\u00f6r\u00fcnt\u00fcl\u00fc diafon\" data-e-action-hash=\"#elementor-action%3Aaction%3Dlightbox%26settings%3DeyJpZCI6MjUxMSwidXJsIjoiaHR0cHM6XC9cL2Fua2FyYWVueWFraW5lbGVrdHJpa2NpLmNvbVwvd3AtY29udGVudFwvdXBsb2Fkc1wvMjAyMlwvMDNcL2dvcnVudHVsdS1kaWFmb24uanBnIiwic2xpZGVzaG93IjoiOWUyN2E1MSJ9\" href='https:\/\/ankaraenyakinelektrikci.com\/wp-content\/uploads\/2022\/03\/goruntulu-diafon.jpg'><img loading=\"lazy\" decoding=\"async\" width=\"150\" height=\"150\" src=\"https:\/\/ankaraenyakinelektrikci.com\/wp-content\/uploads\/2022\/03\/goruntulu-diafon-150x150.jpg\" class=\"attachment-thumbnail size-thumbnail\" alt=\"\" title=\"\"><\/a>\n\t\t\t<\/div><\/figure><figure class='gallery-item'>\n\t\t\t<div class='gallery-icon landscape'>\n\t\t\t\t<a data-elementor-open-lightbox=\"yes\" data-elementor-lightbox-slideshow=\"9e27a51\" data-elementor-lightbox-title=\"diaon\" data-e-action-hash=\"#elementor-action%3Aaction%3Dlightbox%26settings%3DeyJpZCI6MjUxMiwidXJsIjoiaHR0cHM6XC9cL2Fua2FyYWVueWFraW5lbGVrdHJpa2NpLmNvbVwvd3AtY29udGVudFwvdXBsb2Fkc1wvMjAyMlwvMDNcL2RpYW9uLmpwZyIsInNsaWRlc2hvdyI6IjllMjdhNTEifQ%3D%3D\" href='https:\/\/ankaraenyakinelektrikci.com\/wp-content\/uploads\/2022\/03\/diaon.jpg'><img loading=\"lazy\" decoding=\"async\" width=\"150\" height=\"150\" src=\"https:\/\/ankaraenyakinelektrikci.com\/wp-content\/uploads\/2022\/03\/diaon-150x150.jpg\" class=\"attachment-thumbnail size-thumbnail\" alt=\"\" title=\"\"><\/a>\n\t\t\t<\/div><\/figure>\n\t\t<\/div>\n\t\t<\/div>\n\t\t\t\t<\/div>\n\t\t\t\t<\/div>\n\t\t\t\t\t<\/div>\n\t\t<\/div>\n\t\t\t\t\t\t\t<\/div>\n\t\t<\/section>\n\t\t\t\t\t\t\t<\/div>\n\t\t","protected":false},"excerpt":{"rendered":"<p>Kamera, G\u00f6r\u00fcnt\u00fcl\u00fc Diafon G\u00f6r\u00fcnt\u00fcl\u00fc Diafon Hane ve i\u015f yerlerinin g\u00fcvenli\u011fi pek \u00e7ok \u00e7e\u015fitli yollarla sa\u011flanabilir. Pencerelere yap\u0131lan g\u00fcvenlik \u00f6nlemleri, kap\u0131lar\u0131n sa\u011flam yap\u0131lmas\u0131 g\u00fcvenlik i\u00e7in \u00f6nemli ad\u0131mlard\u0131r. Fakat dikkat edilmesi gereken bir di\u011fer \u00f6nemli husus da art niyetli ki\u015filere a\u00e7\u0131lan kap\u0131lard\u0131r. \u0130nsanlar bilmeden mal veya can g\u00fcvenliklerine kast edebilecek ki\u015filere kap\u0131lar\u0131n\u0131 a\u00e7abilir. B\u00f6yle bir durumla kar\u015f\u0131la\u015f\u0131ld\u0131\u011f\u0131nda [&hellip;]<\/p>\n","protected":false},"author":1,"featured_media":0,"parent":0,"menu_order":0,"comment_status":"closed","ping_status":"closed","template":"","meta":{"footnotes":""},"_links":{"self":[{"href":"https:\/\/ankaraenyakinelektrikci.com\/index.php?rest_route=\/wp\/v2\/pages\/2221"}],"collection":[{"href":"https:\/\/ankaraenyakinelektrikci.com\/index.php?rest_route=\/wp\/v2\/pages"}],"about":[{"href":"https:\/\/ankaraenyakinelektrikci.com\/index.php?rest_route=\/wp\/v2\/types\/page"}],"author":[{"embeddable":true,"href":"https:\/\/ankaraenyakinelektrikci.com\/index.php?rest_route=\/wp\/v2\/users\/1"}],"replies":[{"embeddable":true,"href":"https:\/\/ankaraenyakinelektrikci.com\/index.php?rest_route=%2Fwp%2Fv2%2Fcomments&post=2221"}],"version-history":[{"count":19,"href":"https:\/\/ankaraenyakinelektrikci.com\/index.php?rest_route=\/wp\/v2\/pages\/2221\/revisions"}],"predecessor-version":[{"id":2901,"href":"https:\/\/ankaraenyakinelektrikci.com\/index.php?rest_route=\/wp\/v2\/pages\/2221\/revisions\/2901"}],"wp:attachment":[{"href":"https:\/\/ankaraenyakinelektrikci.com\/index.php?rest_route=%2Fwp%2Fv2%2Fmedia&parent=2221"}],"curies":[{"name":"wp","href":"https:\/\/api.w.org\/{rel}","templated":true}]}}